5314 + -15385.
-42
(-3 - -12) + 1 + (16 - (8 + 4))
14
36 + -7 - 24 - (-1 + -69 - (-28 - -28))
75
Calculate 9 - ((-6 - 2) + 30) - -28.
15
What is (-1 - -11 - (5 + -1)) + (-7 - -25) + -10?
14
Evaluate (-47 - (1 - -3) - 1) + -61 + (42 - -5).
-66
Evaluate (-2 - 36) + 1 + 39.
2
Evaluate 22 - (10 + 5 + 5 - -59).
-57
What is the value of (-3 + 4 - -3) + 125 + -130 + 128?
127
-45 + 46 + -10 + -20 - 36
-65
What is the value of (-105 - (0 + (3 - 3))) + 9159 + -9139?
-85
What is (-13 + 40 - 72) + 19?
-26
Calculate -102 + -87 + 251 + -118.
-56
11 - ((9 - (-31 + 22)) + -10)
3
Evaluate 0 - 18 - (310 + -315) - 32.
-45
Evaluate (268 - 269) + -17 - (-65 + (2 - 1)).
46
What is the value of (-10 - 0 - -11 - -50) + -8?
43
Evaluate 1 - (2 + 82) - (-722 - -709).
-70
-130 + 64 + 0 + 30
-36
What is the value of -72 + 51 + 19 + -43?
-45
-5 + (-13 - (-6 - (-3 - (-6 - -4)) - 18))
5
Calculate -67 - (55 - 38) - (-2 + -19).
-63
-2 + (9 - (5 - (12 - 14 - 10)))
-10
What is (-1 - -4 - (188 - 221)) + -35?
1
Evaluate (35 - 27) + (33 - (0 + (-5 + 0 - -13))).
33
(22 - 1 - (44 + -54 - -18)) + (106 - 20)
99
What is the value of 337 + -359 - (-79 + 4)?
53
What is the value of -8 + (-1 - -2) - -3 - (51 - 98)?
43
Calculate 46 - 1 - (-3 + 0 - (7 - (38 + -35))).
52
Evaluate (-41 - (1 - (-4 + 5)) - (-109 - -119)) + 4.
-47
What is 17 + (-7 - (-23 - -12)) + -18 + -140?
-137
What is 176 - (-6 + 98) - -39?
123
What is -3 + 23 + (-2 - 32) + (17 - -1) - 47?
-43
Calculate 61 - 74 - ((-2 - 10) + (115 - -7)).
-123
What is (-459 - -483) + -54 + 1?
-29
Calculate 0 + 14 - ((45 - (24 + -28)) + -30).
-5
What is the value of (-38 - -14 - -14) + (2 - ((3 - 3) + 24))?
-32
Evaluate (38 - 1) + (46 - 59 - (6 + -23 - 11)).
52
5 + 4 + (-3 - -5 - 20) - (-7 + 41)
-43
What is the value of (-31 - (-67 - -16)) + 19 + 45?
84
Calculate (-7 + 20 - 9) + -6 + 1 + -28.
-29
What is 1708 + -1689 + 2 + -27?
-6
Evaluate 24 - (12 - (-30 + 42)).
24
Evaluate -19 - (-89 + 130 + -83).
23
Evaluate 56 + -23 + -8 + 6.
31
What is the value of -31 - (46 + -81 + 68)?
-64
Evaluate (-3 - (-19 - -14 - 7)) + -11 - (64 - -1).
-67
-113 - (-185 - (-19 - 80))
-27
Calculate 51 - -1 - ((0 - -13) + (-29 - 26) + 47).
47
Evaluate 0 - (2 + 2 + 11).
-15
26 + 28 + -59 + 34 - 37
-8
What is 49 + 64 + -24 + -50 + (0 - -24)?
63
Evaluate -14 - (10 + -3 + -41) - (2 - -12).
6
Calculate -8 - ((8 - 6) + 3 - 7 - -2 - 10).
2
What is the value of 48 - (36 - 85 - -120) - 0?
-23
Calculate -1 - -4 - (-13 - 15 - -47) - (-8 - 1).
-7
What is the value of (-4 - (-14 - (4 - 25))) + (36 + 8 - 4)?
29
What is the value of -70 + (91 + 15 - 113)?
-77
-17 + (2 + 8 - (-4 + 21 - -50))
-74
(-5 - (3 - (-14 + 71)) - 11) + (-1 - -1)
38
Evaluate 16 + -4 + 2 + (-14 - -7) - 13.
-6
Evaluate -3 + 116 - (-7 - -7 - 7 - (162 + -167)).
115
(74 - (-6 - -14)) + (33 - 47)
52
9 + -13 - (112 - 140)
24
What is the value of -8 + (-81 + 30 - -9)?
-50
Calculate 11 + -2 + -9 + (-75 - -141) + -21.
45
Evaluate -1171 - -1251 - (43 - 1).
38
What is the value of (-133 - -188) + (-2 - 18) + -25 - (76 - 0)?
-66
Evaluate 2 + -1 - -56 - ((87 - 16) + -60).
46
What is (3 - 24) + -30 + (38 - -24)?
11
Evaluate -82 - -100 - (-110 + 10 + 3 + 1).
114
Calculate 0 - -28 - (-431 - -427).
32
What is 0 + -38 + (10 - -10) + -8?
-26
Calculate 18 - (232 + -113 + -93).
-8
What is -11 + (-1 - ((5 - 0) + (75 - 74))) - 2?
-20
Evaluate -110 + 31 + 134 + -94.
-39
Calculate 2 + (6 - -2) + -291 + 307.
26
Evaluate (-40 - (-19 + (-83 - -48))) + (-119 - -1).
-104
What is -13 + 77 + -70 - -43?
37
Evaluate 16 + (15 - 21 - 15 - -3).
-2
5 + (-2 - -1) + 115 + 3691 + -3693
117
Evaluate (12 - 2) + 0 + (15 - -2 - (195 + -141)).
-27
What is 50 + 18 + -2 + -22 + 7 + -21?
30
Calculate 45 + (-3 - -4) - (2 + 2 + (-1 - 8)).
51
What is (160 - -3) + (-272 - -261) + (2 - 11)?
143
What is 4 + -7 - ((-12 - -2) + (-6 - -6) - 81)?
88
What is the value of 46 + (5 - (16 - 7) - 9) - -6?
39
(682 - 682) + -1 + -63 + 0
-64
What is -5 - -1 - ((-986 - -1025) + 2 + -1 + 3)?
-47
Evaluate 0 + 28 - (17 - (7 - -9)).
27
8 + -8 + 7 + (17 - (4 + -5))
25
What is (10 - (-11 + -12 + 20)) + 5 + -11 - -4?
11
14 + -24 + (-37 - -13 - 5)
-39
Calculate (9 + (-28 - -10) - ((2 - -3) + -19)) + -9.
-4
Calculate 1 + (-70 + -1 - -1) + -157 + 177 + -14.
-63
-2 + 1 + -5 - (-12 + 57 - 76)
25
What is -12 + (171 - 179) + (-1 - -13) + -3?
-11
What is the value of 23 - 11 - ((-14 - -25) + -24)?
25
What is -9 - (47 - ((-15 + 27 - 29) + 31))?
-42
-23 + (-5 - (-11 - 2)) - (-69 + 6)
48
78 - (75 + -30 - -71)
-38
Evaluate (4 - (39 - 7 - 9)) + 59.
40
5 + (0 - 8 - 17 - -122) + 10
112
17 + (5 - (8 - -2)) - (11 - 33)
34
What is 22 + -7 + 13 + (24 - 31)?
21
Calculate (-14 - 0) + (-66 - -3 - (892 + -906)).
-63
Calculate -196 + (-24 - -25 - -33) + 30.
-132
Calculate (1 - -44) + (572 - 658).
-41
Calculate -14 + -1 + (0 - 25 - -24).
-16
Calculate 4 - ((-14 - (-17 - 10)) + (1 - (-16 - 0))).
-26
276 - 291 - (12 + 5 + -5 + -2)
-25
What is -4 + -8 + -381 + 403 - (90 + 2)?
-82
Calculate 10 + (59 + -13 - 31).
25
Evaluate -5 + -15 - (-64 - -45 - 3).
2
Calculate 1 - (0 + 57) - (1258 + -469 + -796).
-49
Evaluate 22 + -1 + -47 + -14 + 79.
39
52 + (41 - (-32 - (28 - 87)))
66
Evaluate -120 + (-6 - ((9 - 30) + -2) - -1).
-102
What is the value of (-23 - ((-6 - 4) + -2)) + -15?
-26
(-16 + 12 - -5) + (4 - 7) + -1 + 23
20
Calculate -24 - (100 + -3 + 3 - (-373 + 381)).
-116
Evaluate -72 - (-2 + -12 - -12) - -17.
-53
1609 + -1630 - (-33 + 8 + -4)
8
What is the value of (12 - -6) + -23 - 47 - -16?
-36
10 - (-2 + -7 + (3 - (5 - -6) - -24))
3
Calculate (-17 - -11) + 16 - 24 - -18.
4
Calculate -354 + 399 - (-5 - (11 + -4) - (2 - 5)).
54
12 + 12 + -3 - 21 - -36
36
What is (-581 - -593) + (27 - (11 - 8))?
36
Evaluate 13 - ((80 - 101) + 32 + 41 + 0).
-39
Calculate 2 + (94 - (-1 + -5 + -1 + (25 - 11))).
89
What is the value of 30 + -92 + 89 + (-1 - 1)?
25
(6 - (-43 - -54 - (0 + 1))) + -1 + 7
2
Evaluate (-73 - (-5 - (3 + -5))) + 414 + -398.
-54
What is -3 - (12 - -42 - 11 - 5)?
-41
Evaluate 118 - 67 - (-12 - -119).
-56
-5 + 25 - (983 - 1027)
64
Evaluate 40 - -42 - 109 - -74.
47
Evaluate 54 + (-8 - 49 - -31).
28
Calculate 47 + -16 - 30 - (-16 - (1 + -7)).
11
Evaluate 8 + 8 + (-4 - ((2 - 14) + -20 + 28)).
16
2 + (-25 - -8) + -5 - 3
-23
1 + 25 - (-216 + 215 + 23)
4
-6 + 50 + 9 - 14
39
What is 20 - (15 + -13 + (-16 - -14))?
20
Evaluate -38 - (-47 - (-29 - -56)).
36
Calculate (-1 - (-28 + 7)) + (0 - 53).
-33
14 - (-17 - (6 - 44 - (2 - -6)))
-15
-2 + -76 - (1009 - 1055)
-32
Evaluate -2 + -8 - 9 - (-24 + 0 + 11).
-6
Evaluate -11 + (23 - (99 + -51)).
-36
13 + 38 + (-10 - (10 + (-15 - -8)))
38
What is 20 + -15 + (2 - ((-10 - -15) + -13))?
15
What is the value of 11 - (-7 - (3 + -15 + 14 + 0))?
20
What is the value of (1 - 34) + 1 + -41 + (-1031 - -1060)?
-44
1 - (13 + 3 + -22 + 3 + -1)
5
Evaluate (-76 - -164) + -69 + (88 - 1) + 0.
106
23 + 32 + 3 + -1 - (-8 - -2 - -11)
52
Evaluate 17 - (32 - ((6 + -23 - -21) + 11)).
0
Evaluate -72 + 0 - (7 + 6 + -21 + 13 + 6).
-83
What is the value of (-31 - 6 - -5) + 1 + -9 + (-45 - -51)?
-34
Calculate (32 - -3) + (-379 - -385).
41
What is the value of -12 + -35 - (18 + -34)?
-31
Evaluate 5785 - 5749 - (-1 + -6).
43
What is the value of (-16 - (4 + -2)) + 401 + -378?
5
Evaluate -63 - -3 - (5 - (-3 - -1) - (-9 - -8)).
-68
What is -55 + 48 + 1 - (2 - (1 + 2) - -39)?
-44
What is (-35 - 0) + (-2 - -1) + -472015 + 472036?
-15
What is -3103 + 3114 + -14 + -1?
-4
Evaluate 10 + -9 + 0 + (-47 - -75).
29
Calculate 23 + -134 - (61 + -77).
-95
Calculate 90 - ((1 - 6) + 13) - (-86 + 76).
92
What is the value of -13562 + 13562 - (1 - (5 + -1))?
3
What is 22 + (-13 - 80) + (-13 - 14)?
-98
Calculate -52 - -83 - 54 - -48.
25
Calculate (-3 - (-5 + 19)) + 64 + -28.
19
Calculate 13 + (-9 - 3) + -13 + -10 - -13.
-9
-24 + (-211 - 11) + 123
-123
Evaluate -4 - 64 - (-76 + -30).
38
What is 20 + (-6 - (-1 + -14))?
29
What is the value of -5 - ((110 - (-29 - 20)) + (7 - 21))?
-150
What is 58 + -52 - -104 - (-5 + 44)?
71
What is the value of 10 + -10 + (-10 - -1) - (72 - 80) - 8?
-9
-150 - (-29 - 40) - -56
-25
What is -2 - (7 - 2 - 9) - (-22 + -32)?
56
What is 248 + -194 + (-6 - 39)?
9
What is 56 + (-40 - 37) - (4 + -3 - 80)?
58
What is the value of -19 + -6 - (26 - 52 - 58)?
59
-67 - (19 - 75) - (-26 + -3)
18
Evaluate (-6 - -1) +